*q, 2*r + 2*r = -12. Let y be 1/(3/6) + q. Calculate d(y).
5
Let v(j) be the third derivative of -j**5/60 - j**4/8 + j**3 + 18*j**2. Let l be 1 + -1 + (-24)/(-2). Let t = -17 + l. Give v(t).
-4
Let g(i) = -4*i**2 + 3*i**2 + 497 - 491 + 6*i. Let s = -8 - -14. Calculate g(s).
6
Let g(t) be the third derivative of t**4/12 + 4*t**3/3 - 73*t**2. Give g(6).
20
Let b be (-1)/(-3)*(-13 - (-28)/7). Let a(o) be the third derivative of o**6/120 + o**5/20 - o**4/24 + o**3/2 + 5*o**2. Calculate a(b).
6
Let p(f) = f. Let i(z) be the first derivative of z**2/2 - 4*z + 5. Let y(u) = i(u) + 6*p(u). Calculate y(3).
17
Let k(u) = -2*u + 2. Let r(w) = 13*w - 16. Let d(g) = -35*k(g) - 5*r(g). Determine d(-9).
-35
Let n(s) = -s**3 + s**2 + 1. Let a(j) = 3*j**3 + j**2 + 5*j + 3. Let k(r) = -a(r) - 2*n(r). Calculate k(-2).
1
Let m(h) = h + 4. Suppose 2*x = 4*x. Suppose 2*y - 18 + 4 = -d, 2*d - 2*y - 4 = x. Give m(d).
10
Let x(n) = -n + 4. Let i = 17 - 23. Let y be (-264)/42 - i/21. Let r be (-46)/y + (-40)/60. Determine x(r).
-3
Let d(h) = 6*h + 10. Suppose -35*a + c = -34*a, -2*a - 4*c - 18 = 0. Determine d(a).
-8
Suppose 0 = -5*z + 2*b - 10, -15 = 2*b + b. Let x(t) = -30*t + 93 - 186 + 32*t + 97. Determine x(z).
-4
Suppose 4*n - 17 = 11. Let d(p) = 6*p - 1. Let a(u) = 5*u - 1. Let w(f) = n*a(f) - 6*d(f). Let x = 50 - 52. Give w(x).
1
Suppose -9 = -3*m + 3. Let w(f) = m - 2 - 6 + 2*f. Determine w(6).
8
Let c(x) = 12*x - 7. Let h(v) = v + 1. Let n(y) = c(y) + 6*h(y). Determine n(1).
17
Suppose -2*q + 4*c - 16 = 6*c, 0 = -3*c - 9. Let f(w) = -w + 7. Let v(i) = 23*i + 31 - 10 - 25*i. Let g(n) = -8*f(n) + 3*v(n). Determine g(q).
-3
Let g(f) = 38*f - 22*f - 1 - 17*f. Suppose 12 = 50*u - 53*u. Calculate g(u).
3
Let j(p) = -p**2 + 5*p + 3. Suppose -5*b - 7 = 2*v, -2*b = -4*b - 6. Suppose -4*k = -k - 2*c + 4, -c = -v*k + 3. Suppose -2*l + 24 = k*l. Calculate j(l).
-3
Let d(i) = i**2 + 8*i + 4. Let s = 47 + -71. Let y = s + 19. Determine d(y).
-11
Let x = 1809 - 1808. Let c(l) = -26*l**2. Calculate c(x).
-26
Let j(p) = -2*p**3 + 4*p**2 - 2*p - 1. Suppose -5*y = -21 + 11. Determine j(y).
-5
Suppose 4*l - 9 = 3*l. Let w = -6 + l. Let j(q) be the third derivative of q**6/120 - q**5/60 - q**4/8 - q**3/3 - 35*q**2. Determine j(w).
7
Let h = -1 + 5. Let d(q) = 5*q + 29. Let n(p) = -p - 7. Let m(i) = -2*d(i) - 9*n(i). Calculate m(h).
1
Suppose 13 = -17*w + 12 + 35. Let n(m) be the second derivative of -m**4/12 + m**3/6 + m**2 + m. What is n(w)?
0
Let d(a) = a**3 - a**2 - 3*a + 1. Let t be d(2). Let q(i) = -8*i + 1. Calculate q(t).
9
Let w(x) = -26 - 21 + 9*x - 22 + 82. Calculate w(0).
13
Let o(v) = v**3 + 6*v**2 + 17*v + 7. Let l(u) = u**3 + 5*u**2 + 14*u + 6. Let x(w) = -5*l(w) + 4*o(w). What is x(-1)?
0
Let p(b) = 13*b**3 - 5*b**2 + 91*b - 24. Let g(o) = 7*o**3 - 2*o**2 + 49*o - 12. Let t(u) = 11*g(u) - 6*p(u). Determine t(7).
12
Suppose 0 = 4*f - 25 + 17. Let v(p) = -6*p + p - 432*p**2 + 433*p**f. Give v(6).
6
Suppose -4 = j, -14 - 42 = 5*s + 4*j. Let d(i) = -i**3 - 8*i**2 + i - 2. Determine d(s).
-10
Let g(w) = -7*w - 5. Let s(n) = -8*n - 6. Let k(l) = -5*g(l) + 4*s(l). Suppose 2*p - 6 = -0. Suppose -p*c = c + 12. What is k(c)?
-8
Let p be (-2 - -8)/((-21)/(-14)). Suppose 4*q = p*l - 2*l + 8, -3*l = 4*q - 18. Let b(u) = -2*u - 1. What is b(l)?
-5
Suppose -w = -2 - 0. Suppose 0 = -w*b + b + 6. Suppose b*q = 9*q. Let d(s) = -s**2 + 3. What is d(q)?
3
Let o(t) = t**3 + 6*t**2 + 6*t + 1. Suppose 5*m = 0, 3*m - 5 = l - 0*m. Let z be o(l). Let j(k) = k**3 + 4*k**2 + k + 4. What is j(z)?
0
Let j(a) = -a**2 - 6*a + 10. Suppose -4*p - 8 = -i + 24, -2*i = -p - 15. Calculate j(p).
3
Let w(t) be the first derivative of t**4/4 - 4*t**3/3 - 4*t + 114. Suppose -b + 1 = -3. What is w(b)?
-4
Let y(x) = -3*x - 5. Suppose -2*t = -52 - 14. Let c = t + -29. Determine y(c).
-17
Let c(d) = -d**3 + 4*d**2 - 3*d + 1. Let z = -48 - -50. Let n be 4 + (0 - z - (6 + -7)). Determine c(n).
1
Suppose 2*v + 45 = 37. Let t(a) be the third derivative of 0*a - a**3 - 1/60*a**5 + 0 - 1/8*a**4 - 2*a**2. What is t(v)?
-10
Let g(b) = -b - 5. Let v be 8/(-7) + (-3)/(-21). Let q(c) = -5*c**2 + 9*c + 10. Let a be q(v). What is g(a)?
-1
Suppose 14*i - 51 = 355. Suppose 7*l + i = -6. Let d(j) = 7*j**2 - j + 4. Let y(h) = -h**2 + h. Let w(x) = -d(x) - 6*y(x). Give w(l).
-4
Let z be (-215)/45 - 2/9. Let p = z - -9. Suppose -3*g + 19 = -n, 0 + 8 = p*g + 3*n. Let c(v) = v - 9. Calculate c(g).
-4
Let k = -135 + 137. Let w(i) be the first derivative of -i + 0*i**3 + 1/2*i**k + 1/4*i**4 - 1. Calculate w(0).
-1
Let b(p) = p - 4. Suppose a - 2*x = 104, -6*x = -3*a - 2*x + 318. Let w = -105 + a. What is b(w)?
1
Let i(g) = -2*g**3 + 17*g**2 - 23*g + 6. Let h be i(7). Let a(p) = 2*p + 17. What is a(h)?
1
Let l(z) = -z - 15. Suppose 0*q - 247 = -13*q. Let a be (-346)/38 - (-2)/q. What is l(a)?
-6
Let s(l) be the first derivative of l**3/3 - l**2 - 154. Suppose j = 8 - 5. Calculate s(j).
3
Let o be (((-80)/(-14))/(-4))/(51/357). Let k(b) = 2*b + 19. Give k(o).
-1
Suppose 53 = 2*k - 89. Let c(x) = -144*x + k*x + 70*x. What is c(4)?
-12
Let s(l) = -l**3 + 17*l**2 + l - 22. Let y be s(17). Let j(u) = -5 - 2 + 2 - u**2 - 3*u - 4*u. What is j(y)?
5
Let c(u) = u - 2. Let n be (4/10)/(2/20*2). Suppose -i - n = 5*g + 8, -5*g - 25 = -2*i. Calculate c(i).
3
Let b(c) = 236 + 272 - 474 + 2*c. Determine b(-22).
-10
Suppose 12*c - 5*c - 63 = 0. Let b(o) = -71*o - 79*o + 3*o**2 + 151*o - c*o**2. Calculate b(1).
-5
Let j(x) = x**3 + 2*x**2 - x + 1. Suppose 0 = 3*t - 8*t - 60. Let h(c) = -2*c + 8. Let k be h(5). Let f be k/t + 143/(-66). Determine j(f).
3
Let c(a) = a**3 - 5*a**2 - 2*a - 3. Let x(l) = -l**2 - 10*l - 4. Let h be x(-9). Determine c(h).
-13
Let i be 3 + 1 + (-18 - -16). Let l be ((-3)/(-2))/(i/4). Let t(s) = 2*s + 7 + 0 - l. Give t(-3).
-2
Let n(z) = -288*z**3 + 150*z**3 + 3*z**2 - 4*z + 2 + 142*z**3. What is n(2)?
38
Let m(l) = -l + 10. Suppose -4*o = 8, -8*f = -4*f - 5*o - 30. Determine m(f).
5
Let o(l) be the second derivative of l**4/12 + l**3/6 + 3*l**2 + 2*l. Let h be o(0). Let q(b) = -4*b**2 - 312*b + b**2 + 2*b**2 + 317*b + 7. What is q(h)?
1
Suppose 5*s + 2*u - 14 = 3*s, 5*u + 5 = 0. Let z(m) = m**3 - 9*m**2 + 7*m - 3. Give z(s).
-11
Let s = 40 - 34. Suppose 4 = -2*x + s*x. Let v(w) = -w**2. Determine v(x).
-1
Let g(m) = m**2 + m. Let u(o) be the first derivative of o**2/2 - 11*o + 6. Let n be (2 - 4) + (-20)/(-2). Let x be u(n). Give g(x).
6
Let u(w) = -w**3 - 4*w**2 - 4*w - 5. Let d be u(-2). Let a(c) = 5*c - 5. What is a(d)?
-30
Let s(b) = -131*b**2 + b + 250*b**2 - 120*b**2 + 9. What is s(0)?
9
Let n = -6 + 3. Let s(l) = 3*l**2 - 37*l - 1. Let i(h) = -8*h**2 + 91*h + 2. Let m(r) = 2*i(r) + 5*s(r). What is m(n)?
-1
Let m(u) = 0*u**3 + 3481 - 3479 + 3*u - 2*u**3 + 2*u**2. Calculate m(3).
-25
Let a(v) = -150 + 313 - 165 + v. What is a(-12)?
-14
Suppose 4*b + 3*v + 36 = v, 3*b = -5*v - 41. Let k(l) = -l**2 - 6*l - 3. Determine k(b).
-10
Suppose -326 = -5*o - 111. Let j = -20 + o. Let i = -20 + j. Let g(u) = -2*u + 3. Calculate g(i).
-3
Let h(k) = k**2 - k - 3. Let f be h(3). Suppose -17 = -f*p + 2*x, -2*p - 2*x = x - 33. Let q(w) = -2*w**2 + 1 + 0 + p*w**2. What is q(-1)?
8
Let z(h) = -h + 10. Suppose -10*f + t - 56 = -5*f, 2*f + 2*t + 32 = 0. Let g be ((-4)/(-3))/(f/18). Let v(i) = 2*i + 4. Let m be v(g). Give z(m).
10
Let f(u) = 9*u**3 + 181*u**2 - u - 182*u**2 - 4*u**3. Let q(s) = s**2 + 3*s + 1. Let m be q(-2). What is f(m)?
-5
Let j(a) = a**3 + 4*a**2 + 3*a + 2. Let p(h) = -h**2 - 6*h - 3. Let x be p(-4). Suppose 0 = -5*b - 2*w + w - 15, 2*b + 33 = x*w. Give j(b).
-10
Let w(s) be the third derivative of s**4/24 + 4*s**3/3 - 2*s**2. Let q be w(-6). Let b(d) = 2*d**3 + 2 - d**3 + 0*d**3 + 0*d**3 + 2*d - 3*d**q. Determine b(3).
8
Let j be ((-5)/(-5))/((-1)/(-20)). Suppose 0*x + 2*x = j. Let g(d) = 9*d**3 - 3*d - x*d**3 + 7*d - 5*d**2 + 8 + 4*d. Calculate g(-6).
-4
Let w(z) be the third derivative of z**5/60 + z**3/2 + 8*z**2. Let t be (2 - 1)*(1 + -1). Let h be w(t). Let m(u) = u**2 - u - 4. Calculate m(h).
2
Let v(m) = -m - 13. Let y be (-114)/19 + 14/(-2). Determine v(y).
0
Let c(q) be the third derivative of q**4/24 + q**3/2 + 31*q**2. Suppose 6 = 5*h + 31. Let g(v) = -v**3 - 5*v**2 + v - 1. Let i be g(h). What is c(i)?